73043. Calculate c(-26).
11
Let z(v) = -v**3 - 79*v**2 - 946*v + 123. Give z(-15).
-87
Let v(q) = 4*q**2 + 243*q + 967. Determine v(-67).
2642
Let d(k) = -129*k + 5808. What is d(45)?
3
Let c(z) = 227*z + 20922. Give c(-102).
-2232
Let v(q) = 291*q**2 - 6131*q - 5. Give v(21).
-425
Let m(z) = 5842*z + 11708. Determine m(-2).
24
Let d(t) = t**3 + 511*t**2 + 6493*t + 286. Determine d(-13).
39
Let y(d) = -d**3 + 152*d**2 + 339*d - 28466. Give y(153).
-8
Let z(m) = m**3 - 38*m**2 - 63*m + 139. Determine z(40).
819
Let j(n) = -n**3 - 200*n**2 - 793*n + 35518. Calculate j(-195).
28
Let c(x) = 7*x**3 + 37*x**2 - 8*x + 145. Determine c(-8).
-1007
Let t(u) = 6*u**2 + 1086*u + 31982. Calculate t(-37).
14
Let h(s) = s**3 - 618*s**2 - 1290*s + 797219. Determine h(618).
-1
Let i(g) = g**2 + 682*g - 149982. What is i(-857)?
-7
Let x(q) = -38*q**3 - 133*q**2 + 923*q - 23. Give x(-7).
33
Let l(h) = -2*h**2 + 335*h - 5657. Give l(17).
-540
Let r(i) = 3*i**2 - 1597*i - 9123. Determine r(538).
23
Let r(g) = -12*g**2 - 189*g + 851. Calculate r(4).
-97
Let d(b) = -5*b**2 - 616*b + 34475. What is d(-165)?
-10
Let q(b) = -b**3 - 70*b**2 + 11*b + 332. Determine q(-70).
-438
Let m(u) = u**3 + 80*u**2 + 720*u - 135. What is m(-70)?
-1535
Let r(q) = -q**3 - 949*q**2 - 44977*q - 1525. Give r(-50).
-175
Let a(s) = 15*s**3 + 206*s**2 - 52*s + 28. Calculate a(-14).
-28
Let g(u) = -u**2 - 29*u - 435. Calculate g(-9).
-255
Let z(c) = -c**2 + 1643*c - 507064. Calculate z(412).
108
Let n(x) = 2*x**3 - 5*x**2 - 81*x + 105. Give n(-8).
-591
Let b(g) = 3*g**3 - 409*g**2 + 206*g - 9368. What is b(136)?
152
Let v(r) = 56*r**2 + 55*r - 121. What is v(1)?
-10
Let m(c) = -2*c**3 - 123*c**2 - 69*c + 3. Give m(-61).
491
Let d(i) = i**3 - 40*i**2 + 68*i + 229. Determine d(38).
-75
Let s(c) = -c**3 - 58*c**2 + 2996*c + 107. Calculate s(33).
-124
Let a(v) = 149*v + 2819. Calculate a(-25).
-906
Let o(i) = -1666*i**2 - 16646*i + 80. What is o(-10)?
-60
Let a(p) = -1042*p + 27980. What is a(27)?
-154
Let p(f) = -f**3 - 75*f**2 + 178*f - 24912. What is p(-81)?
36
Let l(p) = -25*p**2 + 190*p + 450. What is l(9)?
135
Let r(a) = 36*a**2 - 794*a - 5756. Calculate r(-6).
304
Let h(g) = g**3 + 179*g**2 + 7153*g + 782. Determine h(-60).
2
Let q(l) = l**3 - 385*l**2 + 2998*l + 6781. Give q(377).
-5
Let n(z) = 11*z**2 + 203*z + 1098. Give n(-6).
276
Let b(j) = -465*j - 2227. Give b(-3).
-832
Let v(t) = -t**2 - 51264*t - 51396541. Calculate v(-1023).
2
Let c(d) = -d**3 - 28*d**2 - 1631*d - 21541. Give c(-15).
-1
Let s(x) = -5*x**2 + 292*x + 2634. Calculate s(-9).
-399
Let b(k) = -1809*k + 16222. What is b(9)?
-59
Let u(n) = 2405*n + 5580. Give u(-2).
770
Let q(k) = 10*k**2 - 1892*k - 397. Determine q(189).
-775
Let g(r) = r**2 + 66*r - 500. Calculate g(-22).
-1468
Let q(h) = -h**2 + 214*h + 33003. What is q(-104)?
-69
Let y(w) = 3165*w - 3158751. Give y(998).
-81
Let l(j) = 359*j**2 - 127*j + 392. Determine l(3).
3242
Let u(i) = 189*i + 891. Calculate u(4).
1647
Let r(z) = -69892*z + 2586027. Determine r(37).
23
Let t(j) = -j**3 + 5*j**2 + 467*j - 54. Determine t(24).
210
Let l(m) = -558*m - 17175. Calculate l(-31).
123
Let x(v) = 6*v**2 + 2152*v - 6443. Calculate x(3).
67
Let h(m) = -m**3 - 61*m**2 + 115*m + 10496. Determine h(-60).
-4
Let w(p) = -6*p**2 + 1762*p + 54032. Give w(-28).
-8
Let p(l) = -l**2 - 14*l + 241. Calculate p(10).
1
Let m(x) = -23*x**2 + 1222*x - 2343. Give m(2).
9
Let t(z) = 61648*z + 123319. Calculate t(-2).
23
Let m(g) = -956*g - 83554. What is m(-87)?
-382
Let o(t) = 2563*t + 302397. Calculate o(-118).
-37
Let x(r) = 30040*r + 2433252. Give x(-81).
12
Let o(n) = 154*n + 36928. Calculate o(-240).
-32
Let f(z) = 67832*z + 542650. Determine f(-8).
-6
Let i(j) = -11311*j**2 - 79181*j - 99. Calculate i(-7).
-71
Let l(c) = 19*c**2 + 3551*c + 117573. What is l(-43)?
11
Let c(g) = -8*g**2 + 1908*g - 106923. What is c(90)?
-3
Let u(c) = -11*c**3 + 3311*c**2 - 21*c + 6321. Give u(301).
0
Let x(i) = -5146*i + 200702. Calculate x(39).
8
Let y(m) = -1062*m**2 + 10612*m + 59. Calculate y(10).
-21
Let q(p) = p**3 - 41*p**2 + 207*p + 1899. Determine q(33).
18
Let v(b) = 7378*b + 14702. Determine v(-2).
-54
Let a(w) = 21*w**3 + 88*w**2 - 91*w - 28. What is a(-5)?
2
Let i(n) = n**3 - 1278*n**2 - 9002*n + 8994. Calculate i(1285).
-1
Let r(q) = -686*q - 3504. What is r(-5)?
-74
Let b(q) = q**3 + 9*q**2 - 81*q + 1254. Calculate b(-19).
-817
Let k(i) = -9601*i + 7584786. Determine k(790).
-4
Let f(i) = i**3 - 338*i**2 + 1359*i - 575622. Give f(339).
0
Let b(w) = 35*w**3 - 60*w**2 - 321*w + 21. Calculate b(-5).
-4249
Let u(f) = -f**3 - 49*f**2 + 2699*f - 576. Give u(-82).
-2
Let f(a) = 24425*a + 1172325. Determine f(-48).
-75
Let m(j) = 14*j**3 + 135*j**2 - 12*j - 99. Determine m(-10).
-479
Let h(m) = 161*m - 22014. Calculate h(134).
-440
Let v(b) = -16292*b - 961219. Determine v(-59).
9
Let j(o) = 38*o**2 - 79761*o + 159518. Determine j(2).
148
Let r(p) = -p**3 + 21*p**2 - 66*p + 116. Calculate r(18).
-100
Let h(v) = 1475*v**2 - 5928*v + 126. Calculate h(4).
14
Let q(f) = f**2 + 50*f - 424. Calculate q(-36).
-928
Let m(n) = -74744*n + 224227. Determine m(3).
-5
Let a(c) = 7*c**2 - 275*c - 492. Give a(41).
0
Let t(z) = z**2 + 106096*z + 1379032. What is t(-13)?
-47
Let s(l) = -2*l**3 + 12*l**2 + 315*l - 1921. Determine s(6).
-31
Let r(d) = 70258*d**2 - 421589*d. Determine r(6).
-246
Let t(u) = 110*u**3 - 233*u**2 + 225*u + 8. Determine t(1).
110
Let x(o) = o**3 + 9*o**2 + 7673*o + 53684. What is x(-7)?
71
Let d(c) = -314*c**2 + 43*c - 111. Determine d(2).
-1281
Let x(j) = -574*j - 4372. What is x(-8)?
220
Let r(g) = g**2 - 34878*g + 418384. Calculate r(12).
-8
Let q(n) = -2*n**2 - 133*n - 3116. Give q(-19).
-1311
Let f(r) = -r**2 - 224*r - 1760. Give f(-216).
-32
Let g(r) = 393*r - 10248. Determine g(25).
-423
Let i(a) = -12372*a - 74190. Calculate i(-6).
42
Let w(s) = -108440*s - 2385682. Give w(-22).
-2
Let p(b) = -b**2 - 163*b - 1085. Determine p(-162).
-923
Let a(t) = -9*t**3 - 154*t**2 + 1758*t + 73. Give a(-25).
498
Let s(i) = -7512*i + 52825. Determine s(7).
241
Let q(g) = 696*g**2 - 169221*g + 22610. Give q(243).
11
Let c(z) = -1181*z + 2742. What is c(2)?
380
Let i(w) = 224*w - 38523. Determine i(173).
229
Let i(g) = 74*g**2 + 244*g - 15. What is i(0)?
-15
Let m(b) = 1656*b - 31533. Calculate m(19).
-69
Let c(g) = 43*g**2 - 283*g + 167. Determine c(7).
293
Let b(w) = -w**2 + 2242*w + 95928. What is b(-42)?
0
Let c(q) = -q**2 - 668*q + 287836. Determine c(298).
-32
Let p(y) = 23*y**2 + 12135*y + 83817. What is p(-7)?
-1
Let p(l) = -9845*l - 78907. Calculate p(-8).
-147
Let d(p) = -p**3 + 28*p**2 + 472*p + 86. Give d(40).
-234
Let f(r) = -2*r**2 - 1142*r - 146275. Calculate f(-194).
1
Let m(l) = 2*l**2 - 126*l - 16644. Calculate m(128).
-4
Let c(h) = 5962*h + 2736586. What is c(-459)?
28
Let q(g) = -g**3 + 4992*g**2 + 29932*g + 74. Give q(-6).
410
Let q(b) = -34*b**3 + 4452*b**2 + 291*b - 3846. Determine q(131).
-47
Let w(k) = -503*k**3 - 25*k**2 + 7*k + 14. Calculate w(-1).
485
Let c(s) = 3*s**3 + 754*s**2 - 180047*s + 809. Give c(-401).
7
Let d(w) = -9*w**2 - 1424*w - 5969. Give d(-154).
-117
Let r(g) = 45*g**2 + 31069*g - 17982. Calculate r(-691).
-16
Let l(b) = -1379*b - 6920. What is l(-5)?
-25
Let b(x) = -11*x**3 + 18*x**2 + 26*x - 40. Determine b(-5).
1655
Let j(c) = -7*c**2 - 5932*c - 11873. Calculate j(-2).
-37
Let s(k) = 64*k + 42071. Calculate s(-658).
-41
Let t(c) = 6*c**3 + 151*c**2 - 595*c - 32. Calculate t(4).
388
Let m(h) = 2*h**3 + 3*h**2 - 1975*h + 7821. Determine m(4).
97
Let j(c) = c**2 - 3855*c + 345997. Determine j(92).
-199
Let u(q) = -2*q**3 - 356*q**2 + 355*q + 658. Give u(-179).
1195
Let z(r) = r**2 - 6448*r - 135799. Give z(-21).
50
Let f(b) = b**3 - 10*b**2 + 59*b - 428. Determine f(9).
22
Let n(o) = -1187*o + 64883. What is n(55)?
-402
Let t(n) = -5837*n + 1710216. Calculate t(293).
-25
Let a(v) = 101*v**3 - 2*v**2 - 237*v + 238. Calculate a(1).
100
Let m(l) = -2*l**2 + 84*l - 867. Calculate m(10).
-227
Let b(o) = -o**3 - 159*o**2 - 1202*o + 47. Determine b(-8).
-1
Let l(m) = -2*m**3 - 961*m**2 - 7510*m + 401. What is l(-8)?
1
Let l(u) = -7*u**2 - 23*u + 714. Determine l(9).
-60
Let b(c) = 116*c**2 - 1001*c - 11056. What is b(15)?
29
Let p(l) = 200*l - 18010. C